d. Suppose -r - 2*r = 2*l - 61, -l + 20 = -2*r. Calculate the remainder when l is divided by w.
8
Suppose 34 = 5*h + 3*n, -3*h - n + 22 = -0*n. Suppose -5*u + 33 = h. Calculate the remainder when u is divided by 1.
0
Calculate the remainder when 160 is divided by (33/6)/(2/12).
28
Suppose 905*c = 898*c + 112. Calculate the remainder when 255 is divided by c.
15
Let v = 48 + -28. Suppose -8 - v = -4*h. What is the remainder when 25 is divided by h?
4
Let y(m) = -m - 1. Let q be 10/(-8) + (-5)/(-20). Let g(l) = 6*l + 10. Let c(r) = q*g(r) - 5*y(r). What is the remainder when c(-9) is divided by 2?
0
Let i be (62/(-1) + 2)*-1. Suppose -h = 2*h - i. Calculate the remainder when 57 is divided by h.
17
Let s = -9 - -3. Suppose 0 = -r - 2*r - 9, -2*r - 4 = u. What is the remainder when 56 is divided by 3*(u + (-46)/s)?
27
Suppose -10*t + 5*t - 95 = -4*j, 83 = 4*j - t. Calculate the remainder when ((-110)/(-8))/(9/36) is divided by j.
15
Suppose 0 = m + 25 - 2. Let s = m - -5. Calculate the remainder when 28 is divided by (1 - 6)/(9/s).
8
Let s(w) be the second derivative of w**5/20 + 5*w**4/12 - 2*w**3/3 - w**2 + 10*w. Calculate the remainder when 34 is divided by s(-5).
16
Suppose -4*n = 3*b - 3*n - 17, 3*b + 5*n - 1 = 0. What is the remainder when 279 is divided by b?
6
Let i(l) = -43*l - 236. Let h(a) = 12*a**3 - a**2 + a. Calculate the remainder when i(-6) is divided by h(1).
10
Calculate the remainder when -308*(30/(-4))/15 is divided by 42.
28
Let y(g) = 7*g**2 - 6. Calculate the remainder when y(3) is divided by 24.
9
Let s(i) = -i**3 - 7*i**2 + 5*i + 8. Let v be (-1)/((-3)/24*1). Suppose -m = -2*u - 3 - v, -3*u - 44 = -4*m. Calculate the remainder when s(-8) is divided by m.
10
What is the remainder when 79 is divided by -4 + (2 + -3)/((-8)/200)?
16
Suppose 0 = -3*a - 2*c + 8, -10*a + 5*c + 14 = -9*a. What is the remainder when 11 is divided by a?
3
Let q(h) = -h**2 + 8*h + 3. Let k = 59 + -15. Calculate the remainder when k is divided by q(6).
14
What is the remainder when 10/(-25) + (9510/(-25))/(-6) is divided by 22?
19
Let j = -911 - -967. Calculate the remainder when j is divided by 23.
10
Let k(d) = 2*d**2 + d - 17. Let p be k(7). What is the remainder when ((-72)/(-10))/(p/(-30) + 3) is divided by 10?
8
Let f(w) be the second derivative of -w**4/12 - 4*w**3/3 - 6*w**2 + 5*w. Let o be f(-8). Calculate the remainder when 79 is divided by (-162)/(-2)*(-4)/o.
25
Let s = 477 - 459. Calculate the remainder when 140 is divided by s.
14
What is the remainder when (3 - (-187 - -5)) + 9 is divided by 65?
64
Let a = -45 + 25. Let k = -24 - a. Calculate the remainder when 40 is divided by (-4 - -2)*28/k.
12
Let y = -143 + 158. Suppose 0*s + 59 = -5*z - 3*s, -3*s - 49 = 4*z. Calculate the remainder when ((-6)/z)/((-3)/(-135)) is divided by y.
12
Suppose -3*n + a - 11 = 0, -4*n = 2*a - a + 10. Let t = n + -1. Let w(s) = 2*s**2 - 2*s - 1. What is the remainder when w(t) is divided by 20?
19
Let q = -200 - -326. What is the remainder when q is divided by 34?
24
Calculate the remainder when (-1139)/(-4) + (-16)/(-64) is divided by 96.
93
Suppose 4*f - 147 = -7. Suppose -13 - f = -4*a. Calculate the remainder when 57 is divided by a.
9
Let q(b) = -b**3 - 11*b**2 - 9*b + 14. Let y be q(-10). Suppose y*w = w + 36. What is the remainder when 34 is divided by w?
10
Let y(d) = -7*d + 196. Calculate the remainder when y(-25) is divided by 25.
21
Suppose -2*v + 4*z - 30 = 0, 3*z - 7*z - 20 = 0. Let u = v - -27. What is the remainder when u is divided by 2?
0
Let d = -48 + 112. Suppose 2*q + 12 = r - d, 2*r + 4*q - 144 = 0. Calculate the remainder when r is divided by 19.
17
Suppose -1 = 43*a - 1248. Calculate the remainder when 105 is divided by a.
18
Let i = 738 + -722. What is the remainder when 511 is divided by i?
15
Let c be 9/((-27)/(-6)) - -42. Let y = -14 + c. What is the remainder when 116 is divided by y?
26
Let v(c) = -c**3 - 4*c**2 - 6*c - 4. Let b be v(-4). Suppose 7*k - b = 3*k. Suppose k*g = 3 + 22. What is the remainder when 19 is divided by g?
4
Suppose 9*a - 937 = -226. Calculate the remainder when a is divided by 3.
1
Let p(u) = 4*u - 6. Let s be p(4). Suppose s*w - 7*w - 1005 = 0. Suppose -5*q - w = -10*q. Calculate the remainder when q is divided by 14.
11
Suppose -51 = 39*i - 42*i. Suppose -180 = 3*z + 2*z. Let x = z - -102. What is the remainder when x is divided by i?
15
Let h(z) = -2*z**3 - 4*z**2 + 4*z + 10. What is the remainder when h(-6) is divided by 95?
84
Suppose -3 = 5*u - 23. Suppose -3*j + 2*x + 35 = 7, u*j = 3*x + 38. Suppose 2*n - n = 31. What is the remainder when n is divided by j?
7
Calculate the remainder when ((-2)/3 - 0)/(10/(-1185)) is divided by 8.
7
Let w(q) = 2*q - 18. Let u be w(9). Let j = 10 + u. Let n(s) = 4*s + 6. Calculate the remainder when n(j) is divided by 24.
22
Suppose 3 - 1 = 2*t. Let b(a) = -3 + 6*a**3 - 1 + a + 3. What is the remainder when 16 is divided by b(t)?
4
What is the remainder when 150 is divided by 6*102/44 - (-21)/231?
10
Let s(z) = -15*z + 11. Calculate the remainder when s(-14) is divided by 56.
53
Let p(q) = 4*q**3 + q**2 - 8*q - 9. Let u(w) = 4*w**3 + 2*w**2 - 7*w - 8. Let j(f) = 2*p(f) - 3*u(f). What is the remainder when j(-3) is divided by 22?
19
Let g(v) = -v**2 + 6*v - 2. Let k be g(3). Let m = 9 - k. Suppose -m*y - 2 = 6, 4*r - 3*y - 68 = 0. Calculate the remainder when 54 is divided by r.
12
Let l(n) = n**3 - 7*n**2 - 6*n - 13. Suppose 5 = q - 3. Let a be l(q). Let j(g) = 6*g**2 + 2*g + 5. What is the remainder when j(a) is divided by 17?
14
Let m = -1 + 2. Let c(t) = 4*t - 2. Let f be c(m). Suppose -5*j + 29 = 2*n, f + 3 = 5*j. What is the remainder when 46 is divided by n?
10
Suppose g - 272 = -112. Suppose 4*d - 128 = -4*h, 5*d + 0*h - g = -3*h. What is the remainder when 94 is divided by d?
30
Suppose -5*k + 13 = 3*d, 2*d - 3 = -1. Suppose k*y + y - 3 = 0. Calculate the remainder when 2 is divided by y.
0
Suppose -5*i = -57*a + 58*a - 491, 3*a + 111 = i. Let s = 34 - 8. Calculate the remainder when i is divided by s.
21
Let m(b) be the first derivative of b**4 + 4*b**3/3 - 3*b**2/2 + b - 8. Calculate the remainder when m(2) is divided by (3/9 - 0)*33.
10
Let u(j) = -j**2 - 5*j + 7. Let r be u(-6). Suppose r = -4*p + 9. Calculate the remainder when 2 is divided by p.
0
Let j(o) = -o**3 - o**2 + o. Let i(t) = -4*t**3 + 4*t**2 + 2*t + 12. Let p(k) = i(k) - 3*j(k). What is the remainder when p(7) is divided by 2?
1
Suppose 103 = -9*p + 1264. Suppose 0 = -4*n + f + 301, 0 = 5*n - 5*f - 509 + p. What is the remainder when n is divided by 26?
23
Suppose y + 56 = -y + 2*f, -y - 24 = 3*f. Let c = y - -39. Calculate the remainder when c is divided by (-1)/((5 - 3)/(-10)).
2
Let m = 51 - 48. Calculate the remainder when 0 - -1 - 18/(-2) is divided by (m/15)/((-3)/(-5))*9.
1
Let s(f) = -f**2 - 25*f + 1. Let j be s(-25). Let v = 29 - j. Calculate the remainder when v is divided by 15.
13
Let z = 23 + -18. Let u(r) = r**3 - 3*r**2 - 7*r - 4. What is the remainder when 14 is divided by u(z)?
3
Let t = -67 + 60. Let y(o) = -o**2 - 9*o - 1. What is the remainder when 32 is divided by y(t)?
6
Let n be (-348)/(-8)*(-8)/(-6). Let f be (2 + 6/(-3))/1. What is the remainder when 1*(n - f)/2 is divided by 6?
5
Suppose -v + 12 = 3*m + 1, -3*v = -4*m + 6. What is the remainder when 28 is divided by (3 - (-3)/(-2))*20/m?
8
Suppose 2*r = 9*r - 161. Suppose 0 = 4*p - 205 - 39. Suppose -2*t + 4*s = s - 21, -5*t = s - p. Calculate the remainder when r is divided by t.
11
Let u = 477 - 244. What is the remainder when u is divided by 78?
77
Calculate the remainder when 330 is divided by (-37)/(-7)*(-21)/(-3).
34
Suppose -5*b = -10*b + 1525. What is the remainder when b is divided by 44?
41
Let p = -2062 - -2302. Calculate the remainder when p is divided by 51.
36
Let d(n) = n**2 - 12*n + 1. Let s be d(12). Let y(i) = -i**2 + 7*i - 5. Calculate the remainder when s*(4 + (7 - 2)) is divided by y(5).
4
Suppose 2*y + 2*m = 3*m + 6, -2*m = 4. Suppose 0*r = 2*r + y. Calculate the remainder when 3 is divided by r*2*(-3)/2.
0
Let b = -1 - -4. Suppose 0 = b*a - 1 - 29. Calculate the remainder when 59 is divided by a.
9
Let r = -91 - -142. Suppose -25*c = -22*c - r. Calculate the remainder when c is divided b